ndreds digit of 11334747?
7
What is the millions digit of 3076187?
3
What is the thousands digit of 371286?
1
What is the tens digit of 4621472?
7
What is the units digit of 2455234?
4
What is the thousands digit of 10674?
0
What is the thousands digit of 2908929?
8
What is the thousands digit of 946527?
6
What is the hundreds digit of 3056271?
2
What is the hundreds digit of 9012353?
3
What is the ten thousands digit of 665560?
6
What is the ten thousands digit of 217026?
1
What is the ten thousands digit of 162555?
6
What is the ten thousands digit of 1312144?
1
What is the tens digit of 1700398?
9
What is the hundred thousands digit of 6260893?
2
What is the ten millions digit of 17328519?
1
What is the hundreds digit of 1465326?
3
What is the thousands digit of 6458?
6
What is the ten thousands digit of 5024041?
2
What is the hundreds digit of 352213?
2
What is the tens digit of 397652?
5
What is the millions digit of 2468373?
2
What is the hundred thousands digit of 1394654?
3
What is the hundreds digit of 178324?
3
What is the tens digit of 471391?
9
What is the units digit of 382930?
0
What is the ten thousands digit of 224758?
2
What is the hundred thousands digit of 1377460?
3
What is the ten thousands digit of 1312741?
1
What is the ten thousands digit of 77141?
7
What is the hundreds digit of 1520644?
6
What is the tens digit of 1246608?
0
What is the hundreds digit of 272890?
8
What is the hundred thousands digit of 3258148?
2
What is the units digit of 2662619?
9
What is the hundreds digit of 157948?
9
What is the tens digit of 275998?
9
What is the thousands digit of 209781?
9
What is the hundreds digit of 25315414?
4
What is the ten thousands digit of 895623?
9
What is the hundred thousands digit of 2912726?
9
What is the thousands digit of 25532454?
2
What is the hundreds digit of 5007354?
3
What is the hundred thousands digit of 1245347?
2
What is the hundreds digit of 6556413?
4
What is the units digit of 6322003?
3
What is the tens digit of 14172811?
1
What is the thousands digit of 6293869?
3
What is the millions digit of 1432903?
1
What is the hundreds digit of 98941?
9
What is the hundreds digit of 222529?
5
What is the thousands digit of 11261991?
1
What is the thousands digit of 490881?
0
What is the tens digit of 22318048?
4
What is the thousands digit of 1145814?
5
What is the thousands digit of 1429525?
9
What is the hundreds digit of 386192?
1
What is the millions digit of 8330784?
8
What is the units digit of 24341024?
4
What is the hundred thousands digit of 952683?
9
What is the tens digit of 373888?
8
What is the units digit of 1142265?
5
What is the tens digit of 672435?
3
What is the tens digit of 115601?
0
What is the hundreds digit of 38681?
6
What is the thousands digit of 199701?
9
What is the millions digit of 5544759?
5
What is the units digit of 10453?
3
What is the units digit of 273265?
5
What is the ten thousands digit of 28980?
2
What is the thousands digit of 5229002?
9
What is the hundred thousands digit of 14121335?
1
What is the hundreds digit of 415738?
7
What is the tens digit of 10126967?
6
What is the millions digit of 16353076?
6
What is the units digit of 38839?
9
What is the hundreds digit of 299163?
1
What is the hundred thousands digit of 195953?
1
What is the hundred thousands digit of 514891?
5
What is the ten thousands digit of 253339?
5
What is the thousands digit of 142360?
2
What is the hundreds digit of 189831?
8
What is the hundreds digit of 1989666?
6
What is the ten thousands digit of 2415062?
1
What is the units digit of 29524694?
4
What is the ten millions digit of 19052124?
1
What is the hundreds digit of 176582?
5
What is the hundreds digit of 5815814?
8
What is the thousands digit of 735896?
5
What is the units digit of 1350229?
9
What is the units digit of 71635?
5
What is the thousands digit of 502892?
2
What is the thousands digit of 11694230?
4
What is the millions digit of 1314438?
1
What is the ten thousands digit of 10841?
1
What is the hundreds digit of 1005770?
7
What is the millions digit of 11667064?
1
What is the ten thousands digit of 403863?
0
What is the units digit of 307134?
4
What is the tens digit of 1609379?
7
What is the millions digit of 3914833?
3
What is the millions digit of 2624377?
2
What is the hundred thousands digit of 7943839?
9
What is the hundred thousands digit of 3735110?
7
What is the units digit of 19226844?
4
What is the hundred thousands digit of 16641852?
6
What is the hundred thousands digit of 26112850?
1
What is the hundreds digit of 2082405?
4
What is the ten thousands digit of 476155?
7
What is the hundred thousands digit of 383687?
3
What is the millions digit of 8815902?
8
What is the tens digit of 205944?
4
What is the units digit of 578838?
8
What is the tens digit of 258214?
1
What is the ten thousands digit of 1505033?
0
What is the units digit of 1970482?
2
What is the ten thousands digit of 8219072?
1
What is the hundred thousands digit of 202745?
2
What is the units digit of 2131478?
8
What is the ten millions digit of 14072415?
1
What is the hundred thousands digit of 362564?
3
What is the millions digit of 2645743?
2
What is the thousands digit of 164132?
4
What is the hundred thousands digit of 7159023?
1
What is the units digit of 322442?
2
What is the units digit of 2482444?
4
What is the millions digit of 18674082?
8
What is the hundred thousands digit of 588782?
5
What is the hundreds digit of 14170900?
9
What is the ten thousands digit of 615010?
1
What is the ten thousands digit of 277975?
7
What is the hundreds digit of 1921012?
0
What is the hundreds digit of 2517024?
0
What is the units digit of 1737683?
3
What is the hundred thousands digit of 21277905?
2
What is the ten thousands digit of 162221?
6
What is the thousands digit of 507441?
7
What is the thousands digit of 1837936?
7
What is the hundred thousands digit of 262146?
2
What is the units digit of 413354?
4
What is the hundreds digit of 11547767?
7
What is the hundreds digit of 150386?
3
What is the millions digit of 3891996?
3
What is the tens digit of 133438?
3
What is the hundreds digit of 38165?
1
What is the units digit of 710041?
1
What is the thousands digit of 940679?
0
What is the tens digit of 1475414?
1
What is the hundreds digit of 90487?
4
What is the ten thousands digit of 565354?
6
What is the units digit of 1078145?
5
What is the thousands digit of 634810?
4
What is the hundreds digit of 126906?
9
What is the tens digit of 1337691?
9
What is the tens digit of 6278472?
7
What is the tens digit of 1259550?
5
What is the hundreds digit of 297284?
2
What is the ten thousands digit of 200205?
0
What is the thousands digit of 381803?
1
What is the millions digit of 25416568?
5
What is the millions digit of 26645506?
6
What is the units digit of 477723?
3
What is the hundreds digit of 279630?
6
What is the thousands digit of 365709?
5
What is the tens digit of 22183272?
7
What is the ten thousands digit of 959294?
5
What is the ten thousands digit of 2026012?
2
What is the hundred thousands digit of 192892?
1
What is the hundred thousands digit of 2670410?
6
What is the tens digit of 1092110?
1
What is the hundreds digit of 153249?
2
What is the thousands digit of 5857?
5
What is the hundreds digit of 30274079?
0
What is the thousands digit of 200428?
0
What is the hundred thousands digit of 20047354?
0
What is the hundred thousands digit of 217105?
2
What is the hundreds digit of 868306?
3
What is the units digit of 289871?
1
What is the hundreds digit of 402911?
9
What is the thousands digit of 72234?
2
What is the ten millions digit of 29652688?
2
What is the thousands digit of 13664212?
4
What is the thousands digit of 73117?
3
What is the ten thousands digit of 188830?
8
What is the thousands digit of 153814?
3
What is the millions digit of 1070318?
1
What is the ten thousands digit of 4283283?
8
What is the units digit of 1130711?
1
What is the hundreds digit of 3087157?
1
What is the units digit of 25340127?
7
What is the ten thousands digit of 290572?
9
What is the hundreds digit of 36728?
7
What is the units digit of 1080942?
2
What is the tens digit of 418323?
2
What is the units digit of 444203?
3
What is the ten thousands 